*y - 3 + 6 + y**2 - 3*y**2. Calculate a(i).
-8
Let c = -9 + 6. Let o(d) = -6*d. Let z be o(-1). Let v = z + c. Let y(r) = -r**2 + 5*r + 2. Determine y(v).
8
Let b(j) be the third derivative of -j**5/60 + j**4/4 - j**3 - 7*j**2. Let x be 18/(-4)*(-16)/12. Determine b(x).
-6
Suppose -4*r - 37 + 12 = 3*w, r = -5*w - 19. Let q(a) be the second derivative of -a**4/12 - 5*a**3/6 + a**2 + a. Determine q(r).
6
Suppose 0 = -12*q + 3*q - 9. Let k(c) = 11*c**2 + c. Calculate k(q).
10
Let u(q) = -q - 6. Let c(j) = j + 7. Let i(b) = -5*c(b) - 6*u(b). Give i(5).
6
Suppose 2*c - 4 - 10 = 0. Let m(j) = j**2 - 6*j - 9. Calculate m(c).
-2
Let d(m) = -6*m - 3 + 2 - 2 + 4. Let y(h) = 11*h - 1. Let n(u) = 7*d(u) + 4*y(u). Give n(-4).
-5
Let c be ((-28)/(-8))/(-7)*-20. Let i be c - (2 + 1 - 0). Let s(l) = l**3 - 8*l**2 + 8*l - 10. Determine s(i).
-3
Suppose -10 = -4*q + 2. Let u(k) = k**2 + 2*k + 3. Let s be u(-3). Let z = q - s. Let l(c) = c + 6. Calculate l(z).
3
Let g(p) = p - 5 + 8*p**3 + p**2 + 0*p**2 + 4. Let z be -3 + -1 + 1 + 6. Suppose 1 = -2*i + z*i. What is g(i)?
9
Let x = -16 - -13. Let v(g) be the third derivative of g**7/1260 + g**6/240 - g**5/30 - 2*g**2. Let m(y) be the third derivative of v(y). Calculate m(x).
-9
Let k be 0/(1 + 2) - 0. Let t be (2 + -1 - k)*6. Let d(v) = -3 - 2*v + 3*v + t. Calculate d(-2).
1
Let q(s) = 2*s - 3. Let m = -10 + 11. Suppose -2*j + 11 = m. Calculate q(j).
7
Let u(z) = -2*z**2 + 3 + 5 - 3*z**2 + 52*z**3 - 53*z**3 + 7*z. Calculate u(-6).
2
Suppose -2*o = -o - 2. Suppose o*g - 4*s = -12, g + 3*g = s - 3. Let b = g - -2. Let c(t) = t**3 + t**2 - 4*t + 3. Determine c(b).
7
Let k be (-6)/(-21) + (-122)/(-14). Suppose 0 = -5*b - 3*q - 29, 0*b + q - k = b. Let o = 8 + b. Let p(l) = l**3 + 2*l - 1. Determine p(o).
2
Let f(n) = 2 - 12 + n**3 - 8*n**2 - n**2 + 9*n. Calculate f(8).
-2
Suppose 6 - 18 = -3*g. Suppose -f = -a - 6, 3*a = g*a + 4. Let o(l) = -3*l + 3. Calculate o(f).
-3
Let d(z) = 2*z**2 - 3*z - 4. Suppose 2*g + 9 = 15. Let u = 6 - g. Give d(u).
5
Let o(l) = l**2 - 2*l. Let a be (-3)/9*66/2. Let x = a + 16. Suppose 4*m - 23 - 13 = -4*h, m = x*h - 15. Give o(h).
8
Let w(c) be the second derivative of c**3/6 - 4*c**2 - 2*c. What is w(0)?
-8
Let i(u) = -5*u**2 - 19*u + 15. Let j(a) = 7*a**2 + 9*a - 2. Let z(r) = -8*r**2 - 9*r + 1. Let b(c) = -6*j(c) - 5*z(c). Let p(m) = 7*b(m) - 3*i(m). Give p(4).
-4
Let s(w) = -w**2 + 3*w - 2. Let x(g) = -g**2 + 4*g + 16. Let p be x(6). Determine s(p).
-6
Let z(n) be the first derivative of 2*n**3 + 7*n + 0*n**2 + 1/4*n**4 + 1. Give z(-6).
7
Let y(f) = -f**3 + 3*f**2 + 5*f - 4. Suppose j - 2*j = 9. Let c be (0 - 0)*j/9. Suppose 0 = -4*m - 4*u + 32, c = 5*m - 2*m - 3*u. What is y(m)?
0
Let t(z) = -7*z + 6 - 26*z**2 - 32*z**2 + 57*z**2. What is t(-6)?
12
Let n(b) = -b**2 - 9*b - 5 - 2 + 2 - 2. Calculate n(-9).
-7
Let p(a) = 5*a - 1 - 1 + 1 - 3*a. Give p(2).
3
Let n(o) = o**3 + 4*o**2 - 6*o - 5. Let p(s) = s**3 + 4*s**2 - 3*s + 5. Suppose 10*l + 20 = 6*l. Let g be p(l). Give n(g).
0
Let z(v) = v**2 + 6*v - 2. Suppose -9*o + 7*o = 20. Let u = o - -5. Calculate z(u).
-7
Let l(v) = -v + 1. Suppose -3*w - 2*h = 0, 3 = -4*h + 3*h. Let g be 0*2*w/(-8). Let j = -4 + g. Give l(j).
5
Let q = 5 + -4. Let y(a) = 1 - 3*a - a - a. Give y(q).
-4
Let o(m) = 3*m**2 + 6*m - 3. Let v(p) = -4*p**2 - 6*p + 3. Let c(b) = -5*o(b) - 4*v(b). Calculate c(5).
-2
Let o(d) = d**2 + 5*d - 4. Let b be o(-5). Let g(u) be the third derivative of u**5/60 + u**4/12 + 4*u**2 - 1. Calculate g(b).
8
Let c be 3/(-5)*(8 - 3). Let y be (-2)/((-4 - c)/3). Let x(n) = n**2 - 6*n + 4. Give x(y).
4
Let j(g) = -7 + 2 - 52*g + 53*g - 4. Calculate j(7).
-2
Let v(l) = 6*l**3 + 11*l**2 - l + 4. Let x(u) = -7*u**3 - 12*u**2 + u - 5. Let y(m) = 6*v(m) + 5*x(m). Give y(-6).
5
Let s(n) = -4 - 3*n + 25 + n**2 - 6 - 11. Give s(5).
14
Let s(v) = -v**2 - v - 2. Let i be s(0). Let o(t) = -8*t - 3. Calculate o(i).
13
Let h be ((-6)/4)/(3/(-8)). Let d = 23 - 19. Let c(i) = i**2 - 1. Let p(m) = -m**3 + 8. Let s(a) = d*c(a) + p(a). What is s(h)?
4
Let k be -8 - (-2)/(-2) - -3. Let f(z) = -z**2 - 5*z + 1. Give f(k).
-5
Let b(a) = 8*a - 17. Let z be b(2). Let x(u) = 5*u**2 - u. Calculate x(z).
6
Suppose a - l - l + 7 = 0, -3*l + 15 = 0. Let h(b) = b - 2. Let i be h(a). Let k(u) = 3 + 0*u + u - i - 2*u**2. Calculate k(2).
-4
Let j = 16 - 21. Let o(n) = n**3 + 5*n**2 + n. Calculate o(j).
-5
Let f(t) = -64*t - 2 + 33*t + 30*t. Give f(7).
-9
Let v(t) = t**3 + 5*t**2 - 7*t - 1. Suppose -4*i + 11 = -21. Let j be 1*(-1 - i) + 3. What is v(j)?
5
Suppose 0 = 4*y - 4*u - 16, 3*y + y + 3*u = 23. Let o(k) = 0 + 3*k + 6 - 5*k. What is o(y)?
-4
Let k = 9 + -9. Let p = 9 - 7. Let y(a) = -a - 2 + p*a - 2. Determine y(k).
-4
Suppose 0 = -5*v + 4*m + 12 + 16, 0 = -3*v + 2*m + 18. Let y(o) = -7*o**2 + v*o - 2*o + 0*o + o**3. Determine y(6).
0
Suppose -5*y + 2*y = 0. Suppose -2*n + h = -7, -3*n + 3*h + y*h = -9. Let k(c) = 2*c**2 + 6*c - 4 + 0 - 3*c**2. Calculate k(n).
4
Let w(a) = 4*a - 2. Let n(o) = o**2 + 7*o + 3. Let b(i) = -2*i + 5. Let t be b(6). Let v be n(t). Determine w(v).
10
Let z(h) = 15*h**2 + 10*h + 23. Let y(x) = -7*x**2 - 5*x - 11. Let r(n) = -13*y(n) - 6*z(n). Suppose -17 = 4*a - 1. Calculate r(a).
1
Let p(h) = -h - 3. Let d be ((-3)/4)/(6/(-24)). Let o(s) = -s - 2. Let r be o(d). Give p(r).
2
Let v(b) = -b + 2. Let a = 3 - 3. Suppose s = -5*r - 5 - a, 0 = 4*s + 4*r + 4. Suppose s = 2*f - 5 - 5. Calculate v(f).
-3
Let g(w) = -w**2 - 5*w + 1. Let v be 2/(-5) + 224/(-40). Give g(v).
-5
Let u(l) = l**2 - 6*l + 4. Let j be u(5). Let p(y) = -y + 1. What is p(j)?
2
Let b(i) = i**3 + 2*i**2 - 2*i - 6. Let y(n) = -2*n**3 - 3*n**2 + 4*n + 12. Let p be 3/4*(0 - -4). Let c(l) = p*y(l) + 7*b(l). What is c(-5)?
4
Let c(h) = -h**2 + h + 7. Suppose 3*v = -5*m - 12, -v + 20 = -6*v. Determine c(m).
7
Let f(y) = y + 2. Let k be 9/(-12) - (-5)/(-4). Let j be (k - -10)*3/6. Suppose 9 = -j*d + d. Calculate f(d).
-1
Let t(z) = -z + 6. Suppose 3*g + 2*a - 21 = 0, -12 = -5*a + 3. Give t(g).
1
Let u(m) = 6*m**2. Let v(d) = -d**2 - 3*d - 3. Suppose 0*n - 3*n + 24 = 0. Suppose c - 6 = -n. Let k be v(c). Calculate u(k).
6
Let h(s) = 3*s**3 + 18*s**2 - 22. Let u(g) = g**3 + 6*g**2 - 7. Let w(d) = -2*h(d) + 7*u(d). Determine w(-6).
-5
Let k(n) = n + 1. Let y(x) = 2*x**3 + 3*x**2. Let w be y(-2). Let v(i) = -4*i - 20. Let c(t) = -t - 5. Let a(m) = 9*c(m) - 2*v(m). Let r be a(w). Give k(r).
0
Let r(o) = -4*o**2 - 15*o + 1. Suppose -3*u + 18 = -3*n, 3 = -n - u - 1. Let z(h) = -2*h**2 - 7*h. Let a(j) = n*z(j) + 2*r(j). Determine a(-3).
5
Let v(x) be the second derivative of -x**3/2 + x**2 - 5*x. What is v(2)?
-4
Let n(j) = -5*j - 1. Let r(g) = -5*g - 1. Let b(f) = -3*n(f) + 2*r(f). Determine b(2).
11
Suppose 3 = -2*k + 3*k. Let f(b) = b - 1. Calculate f(k).
2
Suppose 10 = 2*g + 4. Let r(h) = -2*h**2 + 4 + 6*h**2 - g*h**2 - 7*h. Suppose 0*u - 12 = -2*u. Give r(u).
-2
Let a(y) = -2*y - 1. Let n be (-3)/2*(-10)/5. Let l = -1 + n. Give a(l).
-5
Let p be -6 - 0 - 207/(-23). Let w(t) = 13*t**3 - 4*t**2 - 13*t + 6. Let a(s) = 7*s**3 - 2*s**2 - 7*s + 3. Let u(l) = -11*a(l) + 6*w(l). Determine u(p).
9
Let n(o) = 26*o**2 + 2*o - 7. Let q(m) = 53*m**2 + 4*m - 15. Let f(l) = 13*n(l) - 6*q(l). Give f(1).
21
Let z be (-86)/14 + (-17)/(-119). Let j(b) = b**3 + 6*b**2 - b + 1. Determine j(z).
7
Let r(c) = c**3 + 3*c**2 - 3*c - 4. Suppose 2*d = 3*a - 15, -2*d + 6*d + 27 = 5*a. Calculate r(d).
5
Let b(m) = 0 + 2*m - 3 - 6 + 4*m. Let j(r) = r - 1. Let v(c) = -b(c) + 5*j(c). What is v(0)?
4
Let d be (-2)/3 + 204/36. Let a(i) = -i**3 + 4*i**2 + 6*i + 2. Determine a(d).
7
Let w(g) = -g**2 + 4*g. Let d(i) = i**2 - 4*i - 1. Let j(c) = 3*d(c) + 4*w(c). Let x be (-2 + 4 + -8)/(-1). Let y be ((2 - x)*-1)/2. Determine j(y).
1
Suppose -55 = -7*w - 4*w. Let k(l) = -l**2 + 5*l - 3. What is k(w)?
-3
Let x(l) be the first derivative of l**3/3 + 3*l**2 + 5*l - 2. Determine x(-5).
0
Let a(h) = h**3 - 3*h**2 + h - 1. Let p(m) be the second derivative of -m**3/6 + 3*m**2 - m. Let v = 19 + -15. Let w be p(v). Calculate a(w).
-3
Let y(i) be the second derivative of -i**3 + 1/6*i**4 + 1/20*i**5 - 6*i - i**2 + 0. Calculate y(-4).
-10
Suppose 0 = -3*c - 4*h + 22, -c + 4 + 4 = 2*h. Let a(m) be the third derivative of m**4/24 -